{"id":51,"date":"2020-10-31T16:20:21","date_gmt":"2020-10-31T15:20:21","guid":{"rendered":"http:\/\/hf-elektroservice.de\/cms\/?page_id=51"},"modified":"2021-02-09T16:18:45","modified_gmt":"2021-02-09T15:18:45","slug":"home","status":"publish","type":"page","link":"https:\/\/hf-elektroservice.de\/cms\/","title":{"rendered":"Home"},"content":{"rendered":"\n<div class=\"wp-block-image\"><figure class=\"alignleft size-large is-resized\"><img loading=\"lazy\" decoding=\"async\" src=\"https:\/\/hf-elektroservice.de\/cms\/wp-content\/uploads\/elektro-service-frpck.png\" alt=\"\" class=\"wp-image-90\" width=\"301\" height=\"266\" srcset=\"https:\/\/hf-elektroservice.de\/cms\/wp-content\/uploads\/elektro-service-frpck.png 601w, https:\/\/hf-elektroservice.de\/cms\/wp-content\/uploads\/elektro-service-frpck-300x266.png 300w\" sizes=\"auto, (max-width: 301px) 100vw, 301px\" \/><\/figure><\/div>\n\n\n\n<p><\/p>\n\n\n\n<h4 class=\"wp-block-heading\">Wir sind <strong>Ihr<\/strong><br>freundlicher &amp; kompetenter<br><strong>Elektro-Service in Chemnitz &amp; Umgebung<\/strong><\/h4>\n\n\n\nUnsere Auftraggeber sind:<br>Wohnungsgesellschaften, Bautr\u00e4ger<br>Unternehmen\/Gewerbe sowie Privat<br>und wir sind t\u00e4tig<br>bei der Elektro-Installation und -Erweiterung<br>von Gewerbeobjekten, Wohnobjekten, Einfamilienh\u00e4usern, Wohnungen&#8230;<br><strong>in Chemnitz und Umland.<\/strong><br><br>\n\n\n\n<hr class=\"wp-block-separator\"\/>\n\n\n\n<div class=\"row main-services-box\"><div class=\"col-lg-4 col-md-4 col-sm-6\">\r\n                        <div class=\"services_content\">\r\n                          <span><img decoding=\"async\" class=\"services-img\" src=\"https:\/\/hf-elektroservice.de\/cms\/wp-content\/uploads\/icon-checklist-84577-e1612711453142.png\" \/><\/span>\r\n                          <h4><a href=\"https:\/\/hf-elektroservice.de\/cms\/services\/e-check-nach-dguv-v3\/\">E-Check nach DGUV V3 &gt; mehr&#8230;<\/a><\/h4>\r\n                          <div class=\"services-info\">\r\n                            E-Check nach DGUV V3 f\u00fcr Vermieter Ein Urteil des Bundesgerichtshofs (BGH) zu regelm\u00e4\u00dfigen Generalinspektionen der&hellip;\r\n                          <\/div>\r\n                        <\/div>\r\n                      <\/div><div class=\"col-lg-4 col-md-4 col-sm-6\">\r\n                        <div class=\"services_content\">\r\n                          <span><img decoding=\"async\" class=\"services-img\" src=\"https:\/\/hf-elektroservice.de\/cms\/wp-content\/uploads\/icon-illu-123341-e1612711906483.png\" \/><\/span>\r\n                          <h4><a href=\"https:\/\/hf-elektroservice.de\/cms\/services\/individuelle-beleuchtungsanlagen\/\">Individuelle Beleuchtungsanlagen &gt; mehr&#8230;<\/a><\/h4>\r\n                          <div class=\"services-info\">\r\n                            Individuelle Beleuchtungsanlagen in Privatr\u00e4umen, B\u00fcros und Gewerbeobjekten Durch intelligent geplante Lichtkonzepte l\u00e4sst sich nicht nur&hellip;\r\n                          <\/div>\r\n                        <\/div>\r\n                      <\/div><div class=\"clearfix\"><\/div><div class=\"col-lg-4 col-md-4 col-sm-6\">\r\n                        <div class=\"services_content\">\r\n                          <span><img decoding=\"async\" class=\"services-img\" src=\"https:\/\/hf-elektroservice.de\/cms\/wp-content\/uploads\/icon-planning-102347-e1612711936542.png\" \/><\/span>\r\n                          <h4><a href=\"https:\/\/hf-elektroservice.de\/cms\/services\/erstellen-von-planungs-und-ausfuehrungsunterlagen\/\">Erstellen von Planungs-und Ausf\u00fchrungsunterlagen &gt; mehr&#8230;<\/a><\/h4>\r\n                          <div class=\"services-info\">\r\n                            Erstellen von Planungs-und Ausf\u00fchrungsunterlagen Egal ob Neubau oder Sanierung &#8211; wir erstellen f\u00fcr Sie die&hellip;\r\n                          <\/div>\r\n                        <\/div>\r\n                      <\/div><div class=\"col-lg-4 col-md-4 col-sm-6\">\r\n                        <div class=\"services_content\">\r\n                          <span><img decoding=\"async\" class=\"services-img\" src=\"https:\/\/hf-elektroservice.de\/cms\/wp-content\/uploads\/icon-tv-112816-e1612711949530.png\" \/><\/span>\r\n                          <h4><a href=\"https:\/\/hf-elektroservice.de\/cms\/services\/installation-von-tv-anlagen-kabel-oder-sat\/\">Installation von TV-Anlagen Kabel oder Sat &gt; mehr&#8230;<\/a><\/h4>\r\n                          <div class=\"services-info\">\r\n                            Installation von TV-Anlagen Kabel oder Sat Fernsehen ist ein fester Bestandteil unseres Lebens. Um die&hellip;\r\n                          <\/div>\r\n                        <\/div>\r\n                      <\/div><div class=\"clearfix\"><\/div><div class=\"col-lg-4 col-md-4 col-sm-6\">\r\n                        <div class=\"services_content\">\r\n                          <span><img decoding=\"async\" class=\"services-img\" src=\"https:\/\/hf-elektroservice.de\/cms\/wp-content\/uploads\/icon-e-car-charge-84938-e1612711965365.png\" \/><\/span>\r\n                          <h4><a href=\"https:\/\/hf-elektroservice.de\/cms\/services\/installation-von-elektroladestationen\/\">Installation von Elektroladestationen &gt; mehr&#8230;<\/a><\/h4>\r\n                          <div class=\"services-info\">\r\n                            Installation von Elektroladestationen &#8211; Pflicht f\u00fcr Vermieter und Wohnungseigent\u00fcmer Neu: Mieter und Wohnungseigent\u00fcmer in einem&hellip;\r\n                          <\/div>\r\n                        <\/div>\r\n                      <\/div><div class=\"col-lg-4 col-md-4 col-sm-6\">\r\n                        <div class=\"services_content\">\r\n                          <span><img decoding=\"async\" class=\"services-img\" src=\"https:\/\/hf-elektroservice.de\/cms\/wp-content\/uploads\/icon-network-94758-e1612711975151.png\" \/><\/span>\r\n                          <h4><a href=\"https:\/\/hf-elektroservice.de\/cms\/services\/installation-von-netzwerkanlagen\/\">Installation von Netzwerkanlagen &gt; mehr&#8230;<\/a><\/h4>\r\n                          <div class=\"services-info\">\r\n                            Installation von Netzwerkanlagen Wir bieten Ihnen das Planen, Verdrahten und Einmessen von Netzwerkanlagen, angefangen von&hellip;\r\n                          <\/div>\r\n                        <\/div>\r\n                      <\/div><div class=\"clearfix\"><\/div><\/div>\n<div class=\"row our-project-outer\" id=\"vw_our-project\">\r\n            <div class=\"col-lg-4 col-md-6 col-sm-6 our_projects_outer\">\r\n              <div class=\"vw_our-project-content\">\r\n                <div class=\"vw_box vw_our-project-box\">         \r\n                  <img decoding=\"async\" class=\"services-img\" src=\"\" \/>\r\n                  <div class=\"vw_box-content\">\r\n                    <div class=\"vw_inner-content\">\r\n                      <p class=\"post\">\r\n                        Elektroarbeiten\r\n                      <\/p>\r\n                      <h5 class=\"title\"><a href=\"https:\/\/hf-elektroservice.de\/cms\/projects\/erstes-projekt\/\">Erstes Projekt<\/a><\/h5>\r\n                    <\/div>\r\n                  <\/div>\r\n                <\/div>\r\n              <\/div>\r\n            <\/div>\n\n\n\n\n<p><\/p>\n","protected":false},"excerpt":{"rendered":"<p>Wir sind Ihrfreundlicher &amp; kompetenterElektro-Service in Chemnitz &amp; Umgebung Unsere Auftraggeber sind:Wohnungsgesellschaften, Bautr\u00e4gerUnternehmen\/Gewerbe sowie Privatund wir sind t\u00e4tigbei der Elektro-Installation und -Erweiterungvon Gewerbeobjekten, Wohnobjekten, Einfamilienh\u00e4usern, Wohnungen&#8230;in Chemnitz und Umland.<\/p>\n","protected":false},"author":1,"featured_media":0,"parent":0,"menu_order":0,"comment_status":"closed","ping_status":"closed","template":"","meta":{"_joinchat":[],"footnotes":""},"class_list":["post-51","page","type-page","status-publish","hentry"],"yoast_head":"<!-- This site is optimized with the Yoast SEO plugin v27.5 - https:\/\/yoast.com\/product\/yoast-seo-wordpress\/ -->\n<title>HF Elektroservice GmbH - Ihre Elektriker in Chemnitz &amp; Umgebung<\/title>\n<meta name=\"description\" content=\"Elektriker aus Chemnitz | Elektroservice f\u00fcr Privat &amp; Bautr\u00e4ger sowie Wohnungsunternehmen | Planung + Installation + Service\" \/>\n<meta name=\"robots\" content=\"index, follow, max-snippet:-1, max-image-preview:large, max-video-preview:-1\" \/>\n<link rel=\"canonical\" href=\"https:\/\/hf-elektroservice.de\/cms\/\" \/>\n<meta property=\"og:locale\" content=\"de_DE\" \/>\n<meta property=\"og:type\" content=\"article\" \/>\n<meta property=\"og:title\" content=\"HF Elektroservice GmbH - Ihre Elektriker in Chemnitz &amp; Umgebung\" \/>\n<meta property=\"og:description\" content=\"Elektriker aus Chemnitz | Elektroservice f\u00fcr Privat &amp; Bautr\u00e4ger sowie Wohnungsunternehmen | Planung + Installation + Service\" \/>\n<meta property=\"og:url\" content=\"https:\/\/hf-elektroservice.de\/cms\/\" \/>\n<meta property=\"og:site_name\" content=\"HF Elektroservice GmbH\" \/>\n<meta property=\"article:modified_time\" content=\"2021-02-09T15:18:45+00:00\" \/>\n<meta property=\"og:image\" content=\"https:\/\/hf-elektroservice.de\/cms\/wp-content\/uploads\/elektro-service-frpck.png\" \/>\n<meta name=\"twitter:card\" content=\"summary_large_image\" \/>\n<meta name=\"twitter:label1\" content=\"Gesch\u00e4tzte Lesezeit\" \/>\n\t<meta name=\"twitter:data1\" content=\"1\u00a0Minute\" \/>\n<script type=\"application\/ld+json\" class=\"yoast-schema-graph\">{\"@context\":\"https:\\\/\\\/schema.org\",\"@graph\":[{\"@type\":\"WebPage\",\"@id\":\"https:\\\/\\\/hf-elektroservice.de\\\/cms\\\/\",\"url\":\"https:\\\/\\\/hf-elektroservice.de\\\/cms\\\/\",\"name\":\"HF Elektroservice GmbH - Ihre Elektriker in Chemnitz & Umgebung\",\"isPartOf\":{\"@id\":\"https:\\\/\\\/hf-elektroservice.de\\\/cms\\\/#website\"},\"primaryImageOfPage\":{\"@id\":\"https:\\\/\\\/hf-elektroservice.de\\\/cms\\\/#primaryimage\"},\"image\":{\"@id\":\"https:\\\/\\\/hf-elektroservice.de\\\/cms\\\/#primaryimage\"},\"thumbnailUrl\":\"https:\\\/\\\/hf-elektroservice.de\\\/cms\\\/wp-content\\\/uploads\\\/elektro-service-frpck.png\",\"datePublished\":\"2020-10-31T15:20:21+00:00\",\"dateModified\":\"2021-02-09T15:18:45+00:00\",\"description\":\"Elektriker aus Chemnitz | Elektroservice f\u00fcr Privat & Bautr\u00e4ger sowie Wohnungsunternehmen | Planung + Installation + Service\",\"breadcrumb\":{\"@id\":\"https:\\\/\\\/hf-elektroservice.de\\\/cms\\\/#breadcrumb\"},\"inLanguage\":\"de\",\"potentialAction\":[{\"@type\":\"ReadAction\",\"target\":[\"https:\\\/\\\/hf-elektroservice.de\\\/cms\\\/\"]}]},{\"@type\":\"ImageObject\",\"inLanguage\":\"de\",\"@id\":\"https:\\\/\\\/hf-elektroservice.de\\\/cms\\\/#primaryimage\",\"url\":\"https:\\\/\\\/hf-elektroservice.de\\\/cms\\\/wp-content\\\/uploads\\\/elektro-service-frpck.png\",\"contentUrl\":\"https:\\\/\\\/hf-elektroservice.de\\\/cms\\\/wp-content\\\/uploads\\\/elektro-service-frpck.png\",\"width\":601,\"height\":532},{\"@type\":\"BreadcrumbList\",\"@id\":\"https:\\\/\\\/hf-elektroservice.de\\\/cms\\\/#breadcrumb\",\"itemListElement\":[{\"@type\":\"ListItem\",\"position\":1,\"name\":\"Startseite\",\"item\":\"https:\\\/\\\/hf-elektroservice.de\\\/cms\\\/\"},{\"@type\":\"ListItem\",\"position\":2,\"name\":\"Home\"}]},{\"@type\":\"WebSite\",\"@id\":\"https:\\\/\\\/hf-elektroservice.de\\\/cms\\\/#website\",\"url\":\"https:\\\/\\\/hf-elektroservice.de\\\/cms\\\/\",\"name\":\"HF Elektroservice GmbH\",\"description\":\"Ihre kompetenten Elektriker in Chemnitz und Umgebung f\u00fcr Privat, Unternehmen, Bautr\u00e4ger und Wohnungsunternehmen\",\"publisher\":{\"@id\":\"https:\\\/\\\/hf-elektroservice.de\\\/cms\\\/#organization\"},\"potentialAction\":[{\"@type\":\"SearchAction\",\"target\":{\"@type\":\"EntryPoint\",\"urlTemplate\":\"https:\\\/\\\/hf-elektroservice.de\\\/cms\\\/?s={search_term_string}\"},\"query-input\":{\"@type\":\"PropertyValueSpecification\",\"valueRequired\":true,\"valueName\":\"search_term_string\"}}],\"inLanguage\":\"de\"},{\"@type\":\"Organization\",\"@id\":\"https:\\\/\\\/hf-elektroservice.de\\\/cms\\\/#organization\",\"name\":\"HF Elektroservice GmbH\",\"url\":\"https:\\\/\\\/hf-elektroservice.de\\\/cms\\\/\",\"logo\":{\"@type\":\"ImageObject\",\"inLanguage\":\"de\",\"@id\":\"https:\\\/\\\/hf-elektroservice.de\\\/cms\\\/#\\\/schema\\\/logo\\\/image\\\/\",\"url\":\"https:\\\/\\\/hf-elektroservice.de\\\/cms\\\/wp-content\\\/uploads\\\/cropped-Logo-HFE-2024-gross.png\",\"contentUrl\":\"https:\\\/\\\/hf-elektroservice.de\\\/cms\\\/wp-content\\\/uploads\\\/cropped-Logo-HFE-2024-gross.png\",\"width\":240,\"height\":96,\"caption\":\"HF Elektroservice GmbH\"},\"image\":{\"@id\":\"https:\\\/\\\/hf-elektroservice.de\\\/cms\\\/#\\\/schema\\\/logo\\\/image\\\/\"}}]}<\/script>\n<!-- \/ Yoast SEO plugin. -->","yoast_head_json":{"title":"HF Elektroservice GmbH - Ihre Elektriker in Chemnitz & Umgebung","description":"Elektriker aus Chemnitz | Elektroservice f\u00fcr Privat & Bautr\u00e4ger sowie Wohnungsunternehmen | Planung + Installation + Service","robots":{"index":"index","follow":"follow","max-snippet":"max-snippet:-1","max-image-preview":"max-image-preview:large","max-video-preview":"max-video-preview:-1"},"canonical":"https:\/\/hf-elektroservice.de\/cms\/","og_locale":"de_DE","og_type":"article","og_title":"HF Elektroservice GmbH - Ihre Elektriker in Chemnitz & Umgebung","og_description":"Elektriker aus Chemnitz | Elektroservice f\u00fcr Privat & Bautr\u00e4ger sowie Wohnungsunternehmen | Planung + Installation + Service","og_url":"https:\/\/hf-elektroservice.de\/cms\/","og_site_name":"HF Elektroservice GmbH","article_modified_time":"2021-02-09T15:18:45+00:00","og_image":[{"url":"https:\/\/hf-elektroservice.de\/cms\/wp-content\/uploads\/elektro-service-frpck.png","type":"","width":"","height":""}],"twitter_card":"summary_large_image","twitter_misc":{"Gesch\u00e4tzte Lesezeit":"1\u00a0Minute"},"schema":{"@context":"https:\/\/schema.org","@graph":[{"@type":"WebPage","@id":"https:\/\/hf-elektroservice.de\/cms\/","url":"https:\/\/hf-elektroservice.de\/cms\/","name":"HF Elektroservice GmbH - Ihre Elektriker in Chemnitz & Umgebung","isPartOf":{"@id":"https:\/\/hf-elektroservice.de\/cms\/#website"},"primaryImageOfPage":{"@id":"https:\/\/hf-elektroservice.de\/cms\/#primaryimage"},"image":{"@id":"https:\/\/hf-elektroservice.de\/cms\/#primaryimage"},"thumbnailUrl":"https:\/\/hf-elektroservice.de\/cms\/wp-content\/uploads\/elektro-service-frpck.png","datePublished":"2020-10-31T15:20:21+00:00","dateModified":"2021-02-09T15:18:45+00:00","description":"Elektriker aus Chemnitz | Elektroservice f\u00fcr Privat & Bautr\u00e4ger sowie Wohnungsunternehmen | Planung + Installation + Service","breadcrumb":{"@id":"https:\/\/hf-elektroservice.de\/cms\/#breadcrumb"},"inLanguage":"de","potentialAction":[{"@type":"ReadAction","target":["https:\/\/hf-elektroservice.de\/cms\/"]}]},{"@type":"ImageObject","inLanguage":"de","@id":"https:\/\/hf-elektroservice.de\/cms\/#primaryimage","url":"https:\/\/hf-elektroservice.de\/cms\/wp-content\/uploads\/elektro-service-frpck.png","contentUrl":"https:\/\/hf-elektroservice.de\/cms\/wp-content\/uploads\/elektro-service-frpck.png","width":601,"height":532},{"@type":"BreadcrumbList","@id":"https:\/\/hf-elektroservice.de\/cms\/#breadcrumb","itemListElement":[{"@type":"ListItem","position":1,"name":"Startseite","item":"https:\/\/hf-elektroservice.de\/cms\/"},{"@type":"ListItem","position":2,"name":"Home"}]},{"@type":"WebSite","@id":"https:\/\/hf-elektroservice.de\/cms\/#website","url":"https:\/\/hf-elektroservice.de\/cms\/","name":"HF Elektroservice GmbH","description":"Ihre kompetenten Elektriker in Chemnitz und Umgebung f\u00fcr Privat, Unternehmen, Bautr\u00e4ger und Wohnungsunternehmen","publisher":{"@id":"https:\/\/hf-elektroservice.de\/cms\/#organization"},"potentialAction":[{"@type":"SearchAction","target":{"@type":"EntryPoint","urlTemplate":"https:\/\/hf-elektroservice.de\/cms\/?s={search_term_string}"},"query-input":{"@type":"PropertyValueSpecification","valueRequired":true,"valueName":"search_term_string"}}],"inLanguage":"de"},{"@type":"Organization","@id":"https:\/\/hf-elektroservice.de\/cms\/#organization","name":"HF Elektroservice GmbH","url":"https:\/\/hf-elektroservice.de\/cms\/","logo":{"@type":"ImageObject","inLanguage":"de","@id":"https:\/\/hf-elektroservice.de\/cms\/#\/schema\/logo\/image\/","url":"https:\/\/hf-elektroservice.de\/cms\/wp-content\/uploads\/cropped-Logo-HFE-2024-gross.png","contentUrl":"https:\/\/hf-elektroservice.de\/cms\/wp-content\/uploads\/cropped-Logo-HFE-2024-gross.png","width":240,"height":96,"caption":"HF Elektroservice GmbH"},"image":{"@id":"https:\/\/hf-elektroservice.de\/cms\/#\/schema\/logo\/image\/"}}]}},"_links":{"self":[{"href":"https:\/\/hf-elektroservice.de\/cms\/wp-json\/wp\/v2\/pages\/51","targetHints":{"allow":["GET"]}}],"collection":[{"href":"https:\/\/hf-elektroservice.de\/cms\/wp-json\/wp\/v2\/pages"}],"about":[{"href":"https:\/\/hf-elektroservice.de\/cms\/wp-json\/wp\/v2\/types\/page"}],"author":[{"embeddable":true,"href":"https:\/\/hf-elektroservice.de\/cms\/wp-json\/wp\/v2\/users\/1"}],"replies":[{"embeddable":true,"href":"https:\/\/hf-elektroservice.de\/cms\/wp-json\/wp\/v2\/comments?post=51"}],"version-history":[{"count":10,"href":"https:\/\/hf-elektroservice.de\/cms\/wp-json\/wp\/v2\/pages\/51\/revisions"}],"predecessor-version":[{"id":302,"href":"https:\/\/hf-elektroservice.de\/cms\/wp-json\/wp\/v2\/pages\/51\/revisions\/302"}],"wp:attachment":[{"href":"https:\/\/hf-elektroservice.de\/cms\/wp-json\/wp\/v2\/media?parent=51"}],"curies":[{"name":"wp","href":"https:\/\/api.w.org\/{rel}","templated":true}]}}