{"id":63,"date":"2020-11-01T15:07:57","date_gmt":"2020-11-01T14:07:57","guid":{"rendered":"https:\/\/hf-elektroservice.de\/cms\/?page_id=63"},"modified":"2021-04-23T15:24:43","modified_gmt":"2021-04-23T13:24:43","slug":"ueber-uns","status":"publish","type":"page","link":"https:\/\/hf-elektroservice.de\/cms\/ueber-uns\/","title":{"rendered":"\u00dcber uns"},"content":{"rendered":"\n<div class=\"wp-block-image\"><figure class=\"alignleft size-large is-resized\"><img loading=\"lazy\" decoding=\"async\" src=\"https:\/\/hf-elektroservice.de\/cms\/wp-content\/uploads\/team-el-frpck.png\" alt=\"\" class=\"wp-image-107\" width=\"465\" height=\"312\" srcset=\"https:\/\/hf-elektroservice.de\/cms\/wp-content\/uploads\/team-el-frpck.png 620w, https:\/\/hf-elektroservice.de\/cms\/wp-content\/uploads\/team-el-frpck-300x201.png 300w\" sizes=\"auto, (max-width: 465px) 100vw, 465px\" \/><\/figure><\/div>\n\n\n\n<h4 class=\"wp-block-heading\">Das sind wir&#8230;<br>Ihre Elektriker aus Chemnitz<\/h4>\n\n\n\n<ul class=\"wp-block-list\"><li>1999 gegr\u00fcndet<\/li><li>seit 2009 GmbH<\/li><li>insgesamt 10 Mitarbeiter<\/li><li>2 Meister<\/li><li>7 Gesellen<\/li><li>1 Mitarbeiterin im Office<\/li><\/ul>\n\n\n\n<hr class=\"wp-block-separator\"\/>\n\n\n\n<blockquote class=\"wp-block-quote is-layout-flow wp-block-quote-is-layout-flow\"><p>Wir freuen uns f\u00fcr Sie t\u00e4tig zu werden! <a href=\"https:\/\/hf-elektroservice.de\/cms\/angebot-abfordern\/\">Kontaktieren Sie uns!<\/a><\/p><\/blockquote>\n","protected":false},"excerpt":{"rendered":"<p>Das sind wir&#8230;Ihre Elektriker aus Chemnitz 1999 gegr\u00fcndet seit 2009 GmbH insgesamt 10 Mitarbeiter 2 Meister 7 Gesellen 1 Mitarbeiterin im Office Wir freuen uns f\u00fcr Sie t\u00e4tig zu werden! Kontaktieren Sie uns!<\/p>\n","protected":false},"author":1,"featured_media":0,"parent":0,"menu_order":0,"comment_status":"closed","ping_status":"closed","template":"","meta":{"_joinchat":[],"footnotes":""},"class_list":["post-63","page","type-page","status-publish","hentry"],"yoast_head":"<!-- This site is optimized with the Yoast SEO plugin v27.5 - https:\/\/yoast.com\/product\/yoast-seo-wordpress\/ -->\n<title>\u00dcber uns - HF Elektroservice GmbH<\/title>\n<meta name=\"robots\" content=\"index, follow, max-snippet:-1, max-image-preview:large, max-video-preview:-1\" \/>\n<link rel=\"canonical\" href=\"https:\/\/hf-elektroservice.de\/cms\/ueber-uns\/\" \/>\n<meta property=\"og:locale\" content=\"de_DE\" \/>\n<meta property=\"og:type\" content=\"article\" \/>\n<meta property=\"og:title\" content=\"\u00dcber uns - HF Elektroservice GmbH\" \/>\n<meta property=\"og:description\" content=\"Das sind wir&#8230;Ihre Elektriker aus Chemnitz 1999 gegr\u00fcndet seit 2009 GmbH insgesamt 10 Mitarbeiter 2 Meister 7 Gesellen 1 Mitarbeiterin im Office Wir freuen uns f\u00fcr Sie t\u00e4tig zu werden! Kontaktieren Sie uns!\" \/>\n<meta property=\"og:url\" content=\"https:\/\/hf-elektroservice.de\/cms\/ueber-uns\/\" \/>\n<meta property=\"og:site_name\" content=\"HF Elektroservice GmbH\" \/>\n<meta property=\"article:modified_time\" content=\"2021-04-23T13:24:43+00:00\" \/>\n<meta property=\"og:image\" content=\"https:\/\/hf-elektroservice.de\/cms\/wp-content\/uploads\/team-el-frpck.png\" \/>\n<meta name=\"twitter:card\" content=\"summary_large_image\" \/>\n<meta name=\"twitter:label1\" content=\"Gesch\u00e4tzte Lesezeit\" \/>\n\t<meta name=\"twitter:data1\" content=\"1\u00a0Minute\" \/>\n<script type=\"application\/ld+json\" class=\"yoast-schema-graph\">{\"@context\":\"https:\\\/\\\/schema.org\",\"@graph\":[{\"@type\":\"WebPage\",\"@id\":\"https:\\\/\\\/hf-elektroservice.de\\\/cms\\\/ueber-uns\\\/\",\"url\":\"https:\\\/\\\/hf-elektroservice.de\\\/cms\\\/ueber-uns\\\/\",\"name\":\"\u00dcber uns - HF Elektroservice GmbH\",\"isPartOf\":{\"@id\":\"https:\\\/\\\/hf-elektroservice.de\\\/cms\\\/#website\"},\"primaryImageOfPage\":{\"@id\":\"https:\\\/\\\/hf-elektroservice.de\\\/cms\\\/ueber-uns\\\/#primaryimage\"},\"image\":{\"@id\":\"https:\\\/\\\/hf-elektroservice.de\\\/cms\\\/ueber-uns\\\/#primaryimage\"},\"thumbnailUrl\":\"https:\\\/\\\/hf-elektroservice.de\\\/cms\\\/wp-content\\\/uploads\\\/team-el-frpck.png\",\"datePublished\":\"2020-11-01T14:07:57+00:00\",\"dateModified\":\"2021-04-23T13:24:43+00:00\",\"breadcrumb\":{\"@id\":\"https:\\\/\\\/hf-elektroservice.de\\\/cms\\\/ueber-uns\\\/#breadcrumb\"},\"inLanguage\":\"de\",\"potentialAction\":[{\"@type\":\"ReadAction\",\"target\":[\"https:\\\/\\\/hf-elektroservice.de\\\/cms\\\/ueber-uns\\\/\"]}]},{\"@type\":\"ImageObject\",\"inLanguage\":\"de\",\"@id\":\"https:\\\/\\\/hf-elektroservice.de\\\/cms\\\/ueber-uns\\\/#primaryimage\",\"url\":\"https:\\\/\\\/hf-elektroservice.de\\\/cms\\\/wp-content\\\/uploads\\\/team-el-frpck.png\",\"contentUrl\":\"https:\\\/\\\/hf-elektroservice.de\\\/cms\\\/wp-content\\\/uploads\\\/team-el-frpck.png\",\"width\":620,\"height\":416},{\"@type\":\"BreadcrumbList\",\"@id\":\"https:\\\/\\\/hf-elektroservice.de\\\/cms\\\/ueber-uns\\\/#breadcrumb\",\"itemListElement\":[{\"@type\":\"ListItem\",\"position\":1,\"name\":\"Startseite\",\"item\":\"https:\\\/\\\/hf-elektroservice.de\\\/cms\\\/\"},{\"@type\":\"ListItem\",\"position\":2,\"name\":\"\u00dcber uns\"}]},{\"@type\":\"WebSite\",\"@id\":\"https:\\\/\\\/hf-elektroservice.de\\\/cms\\\/#website\",\"url\":\"https:\\\/\\\/hf-elektroservice.de\\\/cms\\\/\",\"name\":\"HF Elektroservice GmbH\",\"description\":\"Ihre kompetenten Elektriker in Chemnitz und Umgebung f\u00fcr Privat, Unternehmen, Bautr\u00e4ger und Wohnungsunternehmen\",\"publisher\":{\"@id\":\"https:\\\/\\\/hf-elektroservice.de\\\/cms\\\/#organization\"},\"potentialAction\":[{\"@type\":\"SearchAction\",\"target\":{\"@type\":\"EntryPoint\",\"urlTemplate\":\"https:\\\/\\\/hf-elektroservice.de\\\/cms\\\/?s={search_term_string}\"},\"query-input\":{\"@type\":\"PropertyValueSpecification\",\"valueRequired\":true,\"valueName\":\"search_term_string\"}}],\"inLanguage\":\"de\"},{\"@type\":\"Organization\",\"@id\":\"https:\\\/\\\/hf-elektroservice.de\\\/cms\\\/#organization\",\"name\":\"HF Elektroservice GmbH\",\"url\":\"https:\\\/\\\/hf-elektroservice.de\\\/cms\\\/\",\"logo\":{\"@type\":\"ImageObject\",\"inLanguage\":\"de\",\"@id\":\"https:\\\/\\\/hf-elektroservice.de\\\/cms\\\/#\\\/schema\\\/logo\\\/image\\\/\",\"url\":\"https:\\\/\\\/hf-elektroservice.de\\\/cms\\\/wp-content\\\/uploads\\\/cropped-Logo-HFE-2024-gross.png\",\"contentUrl\":\"https:\\\/\\\/hf-elektroservice.de\\\/cms\\\/wp-content\\\/uploads\\\/cropped-Logo-HFE-2024-gross.png\",\"width\":240,\"height\":96,\"caption\":\"HF Elektroservice GmbH\"},\"image\":{\"@id\":\"https:\\\/\\\/hf-elektroservice.de\\\/cms\\\/#\\\/schema\\\/logo\\\/image\\\/\"}}]}<\/script>\n<!-- \/ Yoast SEO plugin. -->","yoast_head_json":{"title":"\u00dcber uns - HF Elektroservice GmbH","robots":{"index":"index","follow":"follow","max-snippet":"max-snippet:-1","max-image-preview":"max-image-preview:large","max-video-preview":"max-video-preview:-1"},"canonical":"https:\/\/hf-elektroservice.de\/cms\/ueber-uns\/","og_locale":"de_DE","og_type":"article","og_title":"\u00dcber uns - HF Elektroservice GmbH","og_description":"Das sind wir&#8230;Ihre Elektriker aus Chemnitz 1999 gegr\u00fcndet seit 2009 GmbH insgesamt 10 Mitarbeiter 2 Meister 7 Gesellen 1 Mitarbeiterin im Office Wir freuen uns f\u00fcr Sie t\u00e4tig zu werden! Kontaktieren Sie uns!","og_url":"https:\/\/hf-elektroservice.de\/cms\/ueber-uns\/","og_site_name":"HF Elektroservice GmbH","article_modified_time":"2021-04-23T13:24:43+00:00","og_image":[{"url":"https:\/\/hf-elektroservice.de\/cms\/wp-content\/uploads\/team-el-frpck.png","type":"","width":"","height":""}],"twitter_card":"summary_large_image","twitter_misc":{"Gesch\u00e4tzte Lesezeit":"1\u00a0Minute"},"schema":{"@context":"https:\/\/schema.org","@graph":[{"@type":"WebPage","@id":"https:\/\/hf-elektroservice.de\/cms\/ueber-uns\/","url":"https:\/\/hf-elektroservice.de\/cms\/ueber-uns\/","name":"\u00dcber uns - HF Elektroservice GmbH","isPartOf":{"@id":"https:\/\/hf-elektroservice.de\/cms\/#website"},"primaryImageOfPage":{"@id":"https:\/\/hf-elektroservice.de\/cms\/ueber-uns\/#primaryimage"},"image":{"@id":"https:\/\/hf-elektroservice.de\/cms\/ueber-uns\/#primaryimage"},"thumbnailUrl":"https:\/\/hf-elektroservice.de\/cms\/wp-content\/uploads\/team-el-frpck.png","datePublished":"2020-11-01T14:07:57+00:00","dateModified":"2021-04-23T13:24:43+00:00","breadcrumb":{"@id":"https:\/\/hf-elektroservice.de\/cms\/ueber-uns\/#breadcrumb"},"inLanguage":"de","potentialAction":[{"@type":"ReadAction","target":["https:\/\/hf-elektroservice.de\/cms\/ueber-uns\/"]}]},{"@type":"ImageObject","inLanguage":"de","@id":"https:\/\/hf-elektroservice.de\/cms\/ueber-uns\/#primaryimage","url":"https:\/\/hf-elektroservice.de\/cms\/wp-content\/uploads\/team-el-frpck.png","contentUrl":"https:\/\/hf-elektroservice.de\/cms\/wp-content\/uploads\/team-el-frpck.png","width":620,"height":416},{"@type":"BreadcrumbList","@id":"https:\/\/hf-elektroservice.de\/cms\/ueber-uns\/#breadcrumb","itemListElement":[{"@type":"ListItem","position":1,"name":"Startseite","item":"https:\/\/hf-elektroservice.de\/cms\/"},{"@type":"ListItem","position":2,"name":"\u00dcber uns"}]},{"@type":"WebSite","@id":"https:\/\/hf-elektroservice.de\/cms\/#website","url":"https:\/\/hf-elektroservice.de\/cms\/","name":"HF Elektroservice GmbH","description":"Ihre kompetenten Elektriker in Chemnitz und Umgebung f\u00fcr Privat, Unternehmen, Bautr\u00e4ger und Wohnungsunternehmen","publisher":{"@id":"https:\/\/hf-elektroservice.de\/cms\/#organization"},"potentialAction":[{"@type":"SearchAction","target":{"@type":"EntryPoint","urlTemplate":"https:\/\/hf-elektroservice.de\/cms\/?s={search_term_string}"},"query-input":{"@type":"PropertyValueSpecification","valueRequired":true,"valueName":"search_term_string"}}],"inLanguage":"de"},{"@type":"Organization","@id":"https:\/\/hf-elektroservice.de\/cms\/#organization","name":"HF Elektroservice GmbH","url":"https:\/\/hf-elektroservice.de\/cms\/","logo":{"@type":"ImageObject","inLanguage":"de","@id":"https:\/\/hf-elektroservice.de\/cms\/#\/schema\/logo\/image\/","url":"https:\/\/hf-elektroservice.de\/cms\/wp-content\/uploads\/cropped-Logo-HFE-2024-gross.png","contentUrl":"https:\/\/hf-elektroservice.de\/cms\/wp-content\/uploads\/cropped-Logo-HFE-2024-gross.png","width":240,"height":96,"caption":"HF Elektroservice GmbH"},"image":{"@id":"https:\/\/hf-elektroservice.de\/cms\/#\/schema\/logo\/image\/"}}]}},"_links":{"self":[{"href":"https:\/\/hf-elektroservice.de\/cms\/wp-json\/wp\/v2\/pages\/63","targetHints":{"allow":["GET"]}}],"collection":[{"href":"https:\/\/hf-elektroservice.de\/cms\/wp-json\/wp\/v2\/pages"}],"about":[{"href":"https:\/\/hf-elektroservice.de\/cms\/wp-json\/wp\/v2\/types\/page"}],"author":[{"embeddable":true,"href":"https:\/\/hf-elektroservice.de\/cms\/wp-json\/wp\/v2\/users\/1"}],"replies":[{"embeddable":true,"href":"https:\/\/hf-elektroservice.de\/cms\/wp-json\/wp\/v2\/comments?post=63"}],"version-history":[{"count":2,"href":"https:\/\/hf-elektroservice.de\/cms\/wp-json\/wp\/v2\/pages\/63\/revisions"}],"predecessor-version":[{"id":352,"href":"https:\/\/hf-elektroservice.de\/cms\/wp-json\/wp\/v2\/pages\/63\/revisions\/352"}],"wp:attachment":[{"href":"https:\/\/hf-elektroservice.de\/cms\/wp-json\/wp\/v2\/media?parent=63"}],"curies":[{"name":"wp","href":"https:\/\/api.w.org\/{rel}","templated":true}]}}